{"id":3101,"date":"2025-06-30T08:39:45","date_gmt":"2025-06-30T08:39:45","guid":{"rendered":"https:\/\/www.aguedaortega.com\/?page_id=3101"},"modified":"2026-03-16T22:01:39","modified_gmt":"2026-03-16T22:01:39","slug":"escena-y-performances","status":"publish","type":"page","link":"https:\/\/www.aguedaortega.com\/?page_id=3101","title":{"rendered":"Escena y Performances"},"content":{"rendered":"\t\t<div data-elementor-type=\"wp-page\" data-elementor-id=\"3101\" class=\"elementor elementor-3101\">\n\t\t\t\t\t\t\t\t\t<section class=\"elementor-section elementor-top-section elementor-element elementor-element-9e696cc elementor-section-boxed elementor-section-height-default elementor-section-height-default\" data-id=\"9e696cc\" data-element_type=\"section\">\n\t\t\t\t\t\t<div class=\"elementor-container elementor-column-gap-default\">\n\t\t\t\t\t<div class=\"aux-parallax-section elementor-column elementor-col-100 elementor-top-column elementor-element elementor-element-cc581c8\" data-id=\"cc581c8\" data-element_type=\"column\">\n\t\t\t<div class=\"elementor-widget-wrap elementor-element-populated\">\n\t\t\t\t\t\t\t\t<div class=\"elementor-element elementor-element-e4e3588 elementor-grid-3 elementor-grid-tablet-2 elementor-grid-mobile-1 elementor-widget elementor-widget-portfolio\" data-id=\"e4e3588\" data-element_type=\"widget\" data-settings=\"{&quot;item_ratio&quot;:{&quot;unit&quot;:&quot;px&quot;,&quot;size&quot;:1.16,&quot;sizes&quot;:[]},&quot;columns&quot;:&quot;3&quot;,&quot;columns_tablet&quot;:&quot;2&quot;,&quot;columns_mobile&quot;:&quot;1&quot;,&quot;item_gap&quot;:{&quot;unit&quot;:&quot;px&quot;,&quot;size&quot;:&quot;&quot;,&quot;sizes&quot;:[]},&quot;row_gap&quot;:{&quot;unit&quot;:&quot;px&quot;,&quot;size&quot;:&quot;&quot;,&quot;sizes&quot;:[]}}\" data-widget_type=\"portfolio.default\">\n\t\t\t\t<div class=\"elementor-widget-container\">\n\t\t\t<link rel=\"stylesheet\" href=\"https:\/\/www.aguedaortega.com\/wp-content\/plugins\/elementor-pro\/assets\/css\/widget-posts.min.css\">\t\t<div class=\"elementor-portfolio elementor-grid elementor-posts-container\">\n\t\t\t\t<article class=\"elementor-portfolio-item elementor-post  post-3291 page type-page status-publish has-post-thumbnail hentry\">\n\t\t\t<a class=\"elementor-post__thumbnail__link\" href=\"https:\/\/www.aguedaortega.com\/?page_id=3291\">\n\t\t\t\t<div class=\"elementor-portfolio-item__img elementor-post__thumbnail\">\n\t\t\t<img decoding=\"async\" width=\"1500\" height=\"1000\" data-src=\"https:\/\/www.aguedaortega.com\/wp-content\/uploads\/2025\/07\/1-2_MG_6295-Nikolas-Zale-Photo-.jpg\" class=\"attachment-full size-full wp-image-3381 lazyload\" alt=\"\" src=\"data:image\/svg+xml;base64,PHN2ZyB3aWR0aD0iMSIgaGVpZ2h0PSIxIiB4bWxucz0iaHR0cDovL3d3dy53My5vcmcvMjAwMC9zdmciPjwvc3ZnPg==\" style=\"--smush-placeholder-width: 1500px; --smush-placeholder-aspect-ratio: 1500\/1000;\" \/>\t\t<\/div>\n\t\t\t\t<div class=\"elementor-portfolio-item__overlay\">\n\t\t\t\t<h3 class=\"elementor-portfolio-item__title\">\n\t\tPerformance \u00abFuera de juego. Estas tetas son m\u00edas\u00bb\u00a0\t\t<\/h3>\n\t\t\t\t<\/div>\n\t\t\t\t<\/a>\n\t\t<\/article>\n\t\t\t\t<article class=\"elementor-portfolio-item elementor-post  post-3134 page type-page status-publish has-post-thumbnail hentry\">\n\t\t\t<a class=\"elementor-post__thumbnail__link\" href=\"https:\/\/www.aguedaortega.com\/?page_id=3134\">\n\t\t\t\t<div class=\"elementor-portfolio-item__img elementor-post__thumbnail\">\n\t\t\t<img decoding=\"async\" width=\"1280\" height=\"1920\" data-src=\"https:\/\/www.aguedaortega.com\/wp-content\/uploads\/2025\/07\/Sangrando-Soles-Agueda-Ortega-Raul_Bartolome_A_BUTOH_PELAO_30-5-25_WEB-26.jpg\" class=\"attachment-full size-full wp-image-3137 lazyload\" alt=\"\" src=\"data:image\/svg+xml;base64,PHN2ZyB3aWR0aD0iMSIgaGVpZ2h0PSIxIiB4bWxucz0iaHR0cDovL3d3dy53My5vcmcvMjAwMC9zdmciPjwvc3ZnPg==\" style=\"--smush-placeholder-width: 1280px; --smush-placeholder-aspect-ratio: 1280\/1920;\" \/>\t\t<\/div>\n\t\t\t\t<div class=\"elementor-portfolio-item__overlay\">\n\t\t\t\t<h3 class=\"elementor-portfolio-item__title\">\n\t\tPerformance Sangrando Soles\t\t<\/h3>\n\t\t\t\t<\/div>\n\t\t\t\t<\/a>\n\t\t<\/article>\n\t\t\t\t<article class=\"elementor-portfolio-item elementor-post  post-2895 page type-page status-publish has-post-thumbnail hentry\">\n\t\t\t<a class=\"elementor-post__thumbnail__link\" href=\"https:\/\/www.aguedaortega.com\/?page_id=2895\">\n\t\t\t\t<div class=\"elementor-portfolio-item__img elementor-post__thumbnail\">\n\t\t\t<img decoding=\"async\" width=\"551\" height=\"551\" data-src=\"https:\/\/www.aguedaortega.com\/wp-content\/uploads\/2024\/09\/Eva-Viera-Gestacion-Butoh-2022-23.jpeg\" class=\"attachment-full size-full wp-image-2914 lazyload\" alt=\"\" src=\"data:image\/svg+xml;base64,PHN2ZyB3aWR0aD0iMSIgaGVpZ2h0PSIxIiB4bWxucz0iaHR0cDovL3d3dy53My5vcmcvMjAwMC9zdmciPjwvc3ZnPg==\" style=\"--smush-placeholder-width: 551px; --smush-placeholder-aspect-ratio: 551\/551;\" \/>\t\t<\/div>\n\t\t\t\t<div class=\"elementor-portfolio-item__overlay\">\n\t\t\t\t<h3 class=\"elementor-portfolio-item__title\">\n\t\tMUDA\t\t<\/h3>\n\t\t\t\t<\/div>\n\t\t\t\t<\/a>\n\t\t<\/article>\n\t\t\t\t<\/div>\n\t\t\t\t<\/div>\n\t\t\t\t<\/div>\n\t\t\t\t<div class=\"elementor-element elementor-element-78c8889 elementor-widget elementor-widget-spacer\" data-id=\"78c8889\" data-element_type=\"widget\" data-widget_type=\"spacer.default\">\n\t\t\t\t<div class=\"elementor-widget-container\">\n\t\t\t<style>\/*! elementor - v3.11.5 - 14-03-2023 *\/\n.elementor-column .elementor-spacer-inner{height:var(--spacer-size)}.e-con{--container-widget-width:100%}.e-con-inner>.elementor-widget-spacer,.e-con>.elementor-widget-spacer{width:var(--container-widget-width,var(--spacer-size));--align-self:var(--container-widget-align-self,initial);--flex-shrink:0}.e-con-inner>.elementor-widget-spacer>.elementor-widget-container,.e-con-inner>.elementor-widget-spacer>.elementor-widget-container>.elementor-spacer,.e-con>.elementor-widget-spacer>.elementor-widget-container,.e-con>.elementor-widget-spacer>.elementor-widget-container>.elementor-spacer{height:100%}.e-con-inner>.elementor-widget-spacer>.elementor-widget-container>.elementor-spacer>.elementor-spacer-inner,.e-con>.elementor-widget-spacer>.elementor-widget-container>.elementor-spacer>.elementor-spacer-inner{height:var(--container-widget-height,var(--spacer-size))}<\/style>\t\t<div class=\"elementor-spacer\">\n\t\t\t<div class=\"elementor-spacer-inner\"><\/div>\n\t\t<\/div>\n\t\t\t\t<\/div>\n\t\t\t\t<\/div>\n\t\t\t\t<div class=\"elementor-element elementor-element-8c0011c elementor-widget elementor-widget-text-editor\" data-id=\"8c0011c\" data-element_type=\"widget\" data-widget_type=\"text-editor.default\">\n\t\t\t\t<div class=\"elementor-widget-container\">\n\t\t\t<style>\/*! elementor - v3.11.5 - 14-03-2023 *\/\n.elementor-widget-text-editor.elementor-drop-cap-view-stacked .elementor-drop-cap{background-color:#818a91;color:#fff}.elementor-widget-text-editor.elementor-drop-cap-view-framed .elementor-drop-cap{color:#818a91;border:3px solid;background-color:transparent}.elementor-widget-text-editor:not(.elementor-drop-cap-view-default) .elementor-drop-cap{margin-top:8px}.elementor-widget-text-editor:not(.elementor-drop-cap-view-default) .elementor-drop-cap-letter{width:1em;height:1em}.elementor-widget-text-editor .elementor-drop-cap{float:left;text-align:center;line-height:1;font-size:50px}.elementor-widget-text-editor .elementor-drop-cap-letter{display:inline-block}<\/style>\t\t\t\t<p>\u00a0<\/p><p><strong>2026<\/strong><\/p><ul><li><em><strong><em style=\"font-weight: 400;\"><span style=\"font-weight: 600;\"><a href=\"https:\/\/www.aguedaortega.com\/?page_id=5728\">\u00ab<strong>La Amarilla<\/strong>\u00bb<\/a>.<\/span><\/em><span style=\"font-style: normal; font-weight: 400;\"> Investigaci\u00f3n performativa ritual para encarnar al subcuerpo. Creada durante la cuarta Mini Residencia Art\u00edsitca en La Casa M\u00f3vil \u00abVac\u00edos Habitados\u00bb, Algodonales, C\u00e1diz. Residencia dirigida por Marina Ojeda. 26 de febrero a 1 de marzo de 2026.<\/span><\/strong><\/em><\/li><\/ul><p><strong>2025<\/strong><\/p><ul><li><em><strong><em style=\"font-weight: 400;\"><span style=\"font-weight: 600;\">\u00abNara-Yama\u00bb.<\/span><\/em><span style=\"font-style: normal; font-weight: 400;\">\u00a0Muestra en proceso de creaci\u00f3n. Teatro Ex-l\u00edmite, Madrid. Ciclo La velada Ex-c\u00e9nica de A Butoh Pelao, edici\u00f3n especial del festival Alma Negra. Crean y danzan\u00a0Ana Vicente, Orphilia y \u00c1gueda Ortega. Diciembre 2025.<\/span><\/strong><\/em><\/li><li><em><strong>\u00abEl sue\u00f1o de un beso\u00bb.<\/strong><\/em>\u00a0Investigaci\u00f3n en danza butoh. Marat\u00f3n de arte, Shap\u00f3 Ol\u00e9 Gallery, en las calles del pueblo donde me cri\u00e9: Gauc\u00edn (M\u00e1laga). Danza y crea \u00c1gueda Ortega, m\u00fasica Kepler. Noviembre de 2025.\u00a0<\/li><li><p><strong><em>\u00abLA NOCHE BOSCA\u00bb.\u00a0<\/em><\/strong>Velada de improvisaci\u00f3n en danza y m\u00fasica. Teatro Maynake (Sala Joaqu\u00edn Elejar), Calle San Juan Bosco 79, M\u00e1laga. Crea y produce\u00a0<em>La Noche Bosca Lab<\/em>\u00a0(\u00c1gueda Ortega). Danzan: Nataliya Andru, Laura Maillo, \u00c1gueda Ortega y Sara Trujillo. M\u00fasicas: Elena Sstrings (viol\u00edn), Alejandro Benito Romero y Kepler. Noviembre de 2025.<\/p><\/li><li><p><strong><em>\u00abLa luz de las estrellas muertas\u00bb.<\/em><\/strong>\u00a0Muestra en proceso de creaci\u00f3n. Teatro Ex-l\u00edmite, Madrid. Ciclo La velada Ex-c\u00e9nica de A Butoh Pelao. Crean y danzan Orfilia Seijjas y \u00c1gueda Ortega. Octubre de 2025.\u00a0<\/p><\/li><li><em><strong>\u00abCoordenadas al Origen\u00bb.<\/strong><\/em>\u00a0Acci\u00f3n e improvisaci\u00f3n con movimiento y palabra. III aniversario del grupo po\u00e9tico Estepona. (Forma parte de la investigaci\u00f3n interdisciplinar con el mismo nombre).<\/li><li><em><strong><a href=\"https:\/\/www.aguedaortega.com\/?page_id=3134\">\u00abSangrando Soles\u00bb<\/a><\/strong>.<\/em>\u00a0Teatro Ex-l\u00edmite, Madrid. Ciclo La Velada Ex-c\u00e9nica de A Butoh Pelao. Mayo 2025.<\/li><li><em><strong>Muestra abierta \u201cSkena\u00fatika\u201d<\/strong><\/em>Sala Artistika, M\u00e1laga. Ciclo \u201cEl Viaje del Skenauta\u201d, formaci\u00f3n en el arte de navegar la escena, dirigido por Matilde J. Ciria. 10 de mayo de 2025.<\/li><li><em><strong>\u00abMUDA\u00bb<\/strong>.\u00a0<\/em>Solo de danza butoh. Residencia de investigaci\u00f3n y creaci\u00f3n desde el enfoque de Body Weather con Frank van de Ven<em>.<\/em>\u00a0Las Navas del Marqu\u00e9s, Castilla y Le\u00f3n. Mayo de 2025.<\/li><li><strong><a href=\"https:\/\/www.aguedaortega.com\/?page_id=3291\"><em>\u00abFuera de juego. Estas tetas son m\u00edas\u00bb<\/em><\/a>.\u00a0<\/strong>Museo La Neomud\u00e9jar, Madrid. Ciclo Perform\u00e1ticas III. Comisariada por Margarita Aizpuru. Mon\u00f3logo, danza butoh y ritual. Creaci\u00f3n de dos esculturas de dos pechos de 70\u00d770 cm y una video creaci\u00f3n con audio. 20 minutos de duraci\u00f3n. Documentaci\u00f3n videogr\u00e1fica por Mar\u00eda \u201cLa Muy\u201d y fotograf\u00eda por Nikol\u00e1s Zale. Marzo de 2025.\u00a0<\/li><li><em><strong>\u00abNuestras voces, nuestra voz\u00bb.<\/strong>\u00a0<\/em>Redacci\u00f3n y lectura de manifiesto y acci\u00f3n colectiva de las mujeres artistas que participamos en la mesa redonda de este d\u00eda. D\u00eda de las Mujeres en el Arte. Centro Cultural Villa Matilde, Manilva. Marzo de 2025.<\/li><li><em><strong>\u00abEl Sexto Ritmo\u00bb.\u00a0<\/strong><\/em>Improvisaci\u00f3n grupal. Teatro Ex-L\u00edmite, Madrid. Ciclo El Contubernio, organizado por A Butoh Pealo. 5 bailarines, 2 m\u00fasicos, 1 hora de improvisaci\u00f3n. Danzan: Nataliya Andru, Jonathan Martineau, Llanos de Miguel, Mar\u00eda Escobar, \u00c1gueda Ortega y M\u00fasica: Antonio On\u00edrico, Beatriz Narcol\u00e9ptica. Y a las luces Ana Jota. Febrero 2025.<\/li><li><em><strong>\u00abDanza improvisaci\u00f3n de Passing Through Butoh\u00bb<\/strong><\/em>. Aula Nostra \/ Espacio en Blanco, Madrid. Dentro del contexto del intensivo de dos semanas de Improvisaci\u00f3n en danza para la reflexi\u00f3n sobre nuestra comprensi\u00f3n del espacio, una pr\u00e1ctica del pensar naciente. Febrero 2025.<\/li><\/ul><p><strong>2024<\/strong><\/p><ul><li><strong><em>\u201cDanza teatro improvisaci\u00f3n\u00bb\u00a0<\/em><\/strong>Muestra abierta de la formaci\u00f3n Skena\u00fatika (formaci\u00f3n intensiva en el arte de navegar la escena) por Matilde J. Ciria. Artistika, M\u00e1laga. Mayo 2025.<\/li><li><a href=\"https:\/\/www.aguedaortega.com\/?page_id=3134\"><strong><em>\u00abSangrando soles\u00bb<\/em><\/strong><\/a>. Solo performance. Casa de las Tejerinas, Estepona. Clausura exposici\u00f3n filantr\u00f3pica por el c\u00e1ncer de mamas. Noviembre 2024.<\/li><li><em><strong>\u00abHambre de Padre\u00bb<\/strong><\/em>. Performance\u00a0<em data-start=\"3188\" data-end=\"3197\">in situ<\/em>. Castillo de la Duquesa, Manilva, M\u00e1laga. Muestra de pieza en proceso de creaci\u00f3n (danza butoh, poes\u00eda\u00a0<em>\u201cLa mujer muralla\u201d<\/em>, escenograf\u00eda y espacio sonoro). Octubre 2024.\u00a0<\/li><li><strong><em>\u00abTe amo\u00bb. <\/em><\/strong>Acci\u00f3n po\u00e9tica. II Aniversario del grupo po\u00e9tico Estepona. Invitar a cada persona que no haya dicho unas palabras de amor a entregarme una pieza de ropa. Surge de la investigaci\u00f3n esc\u00e9nica <em>\u00abMUDA\u00bb.<\/em><\/li><li><strong>\u00abEl cuerpo entregado a los fuegos a\u00fareos\u00bb. <\/strong>Performance Colectiva de poes\u00eda y movimiento. Dentro de la exposici\u00f3n de Francisco Villalobos<em>\u00abNatura Naturans\u00bb<\/em>. Cachito art, Co\u00edn, M\u00e1laga. Abril 2024.<\/li><li><strong><em>\u201cObjetivo Climax\u201d<\/em>\u00a0<\/strong>Acciones esc\u00e9nicas creadas para la presentaci\u00f3n del libro rojo de Eva G\u00e1lvez en Manilva M\u00e1laga. Show esc\u00e9nico con la m\u00fasica del bolero de Rabel y una Improvisaci\u00f3n en danza sobre el Amor con la m\u00fasica \u201cSweetheart\u201d de Nick Cave. Febrero del 2024.\u00a0<\/li><li><strong><em>\u201cMultitud a solas\u201d<\/em>\u00a0<\/strong>Improvisaci\u00f3n grupal de danza butoh, con Jonathan Martineau y Laura Maillo. Sala Trece, M\u00e1laga.<\/li><\/ul><p><strong>2023<\/strong><\/p><ul><li><em><strong><a href=\"https:\/\/www.aguedaortega.com\/?page_id=2895\">\u00abMUDA. Sobre la llama(da) del amor y otras cuestiones del \u00e1nima(l)\u00bb<\/a><\/strong><\/em><em>.<\/em>\u00a0Solo performance. Danza butoh. Ciclo de artes performativas La Noche BOSCA en cartelera junto a Matilde Ciria, con su obra\u00a0<em>\u201cEvoluci\u00f3n Especular\u201d<\/em>. Sala Trece, M\u00e1laga. Febrero 2023.<\/li><li><em><strong>\u201cLlegando al mar \/ por falso canal \/ invadido de sed\u201d.\u00a0<\/strong><\/em>Video creaci\u00f3n\u201cInternational Minimum Online Festival\u201d.Organiza: TRIBUTOHKA KEICHO REPUDIO, S.Z.S. (Selegna). Sevilla, Agosto 2023<em>.<\/em><\/li><li><strong><em>\u201cHorizontes Verticales\u201d<\/em>.\u00a0<\/strong>Creaci\u00f3n esc\u00e9nica sobre 3 poemas de Antonio R\u00edos. Residencia y presentaci\u00f3n en Villa Matilde, Manilva (M\u00e1laga). Febrero 2023.<\/li><li><strong>Creaci\u00f3n audiovisual de <em>\u00abEl arte de hacer visible lo invisible\u00bb<\/em><\/strong>. Graba, monta y acompa\u00f1a Eva Viera, danza \u00c1gueda Ortega. Abril 2023.<\/li><\/ul><p><strong>2022<\/strong><\/p><ul><li><strong>Residencia\u00a0<em>\u201cSierra f.Est\u201d<\/em>\u00a0<\/strong>Investigaci\u00f3n y entrenamiento grupal alrededor de nuestras pr\u00e1cticas en danza butoh. Diciembre 2022, Madrid.<\/li><li><strong>Residencia\u00a0<em>\u201cEl sue\u00f1o de las piedras\u201d<\/em><\/strong>\u00a0Investigaci\u00f3n en danza butoh. Eva Viera, Natalia, Pedro Selas y \u00c1gueda Ortega. Cabo de Gata, Almeria. Septiembre 2022.<\/li><li><strong>Residencia \u00ab<\/strong><em><strong>Plum\u00fbla\u00bb<\/strong><\/em>. Manilva (M\u00e1laga). Investigaci\u00f3n y creaci\u00f3n esc\u00e9nica a trav\u00e9s de las artes performativas, danza butoh e improvisaci\u00f3n, en espacios p\u00fablicos y naturales. Espacios: Calles c\u00e9ntricas y el Puerto de La L\u00ednea de la Concepci\u00f3n (C\u00e1diz); R\u00edo Manilva junto a los romanos\u00a0Ba\u00f1os de la Hedionda\u00a0(Casares, M\u00e1laga) y en la Playa de Cala Sardina (San Roque, C\u00e1diz). Colectivo Plum\u00fbla: Erika Bor, Laura Maillo y \u00c1gueda Ortega. Julio 2022.\u00a0<\/li><li><strong><em>\u00abEl cuerpo es un abismo\u00bb<\/em>.\u00a0<\/strong>Improvisaci\u00f3n de danza butoh y sonido. Danzan: Laura Maillo, \u00c1gueda Ortega y Rocio. M\u00fasica: Francisco Villalobos, Dani Vega y Lliber Tat. 24 Abril 2022. La Polivalente (M\u00e1laga).<\/li><li><em><strong>\u00abCascadas de sometimiento. No todo puede estar perdido\u00bb<\/strong>.<\/em>\u00a0Creaci\u00f3n esc\u00e9nica. La Gestaci\u00f3n. Abril 2022. Almazen9, Madrid.<\/li><\/ul><p><strong>2021<\/strong><\/p><ul><li><em><strong>\u00abEl Hilo de Ariadna\u00bb<\/strong><\/em>. Improvisaci\u00f3n de sonido, luces y danza butoh. La Polivalente (M\u00e1laga). Danzan, m\u00fasica y luces: John Difoo (Animah Records), Klara Gala, Natalia \u00c1lvarez, Jes\u00fas Pardo y \u00c1gueda Ortega. Diciembre 2021.\u00a0<\/li><li><em><strong>\u00abCONF\u00cdA\u00bb<\/strong><\/em>. Acci\u00f3n en exposici\u00f3n\u00a0<em>\u201cRECUERDA: Arte que hace visible lo invisible\u201d<\/em>. Hotel &amp; Spa Resort, Estepona, M\u00e1laga. Noviembre 2021.<\/li><li><strong><em>\u00abRitual de muerte y renacimiento\u00bb<\/em><\/strong><em>.<\/em>\u00a0Acci\u00f3n ritual en el Contexto de los talleres de expansi\u00f3n creativa dirigidos por Francisco Villalobos Santos. El Jard\u00edn. Co\u00edn (M\u00e1laga). Octubre 2021.<\/li><li><em><strong>\u00abEl vuelo: sombras y luces\u00bb<\/strong><\/em>. Improvisaci\u00f3n de danza, c\u00e1mara y luces. El Jard\u00edn. Co\u00edn (M\u00e1laga). Danza \u00c1gueda Ortega, fotograf\u00eda \u00c1lvaro Parada y luces Clara. Mayo 2021.<\/li><\/ul>\t\t\t\t\t\t<\/div>\n\t\t\t\t<\/div>\n\t\t\t\t<div class=\"elementor-element elementor-element-4c23e6d elementor-widget elementor-widget-image\" data-id=\"4c23e6d\" data-element_type=\"widget\" data-widget_type=\"image.default\">\n\t\t\t\t<div class=\"elementor-widget-container\">\n\t\t\t<style>\/*! elementor - v3.11.5 - 14-03-2023 *\/\n.elementor-widget-image{text-align:center}.elementor-widget-image a{display:inline-block}.elementor-widget-image a img[src$=\".svg\"]{width:48px}.elementor-widget-image img{vertical-align:middle;display:inline-block}<\/style>\t\t\t\t\t\t\t\t\t<figure class=\"wp-caption\">\n\t\t\t\t\t\t\t\t\t\t\t<a href=\"https:\/\/www.aguedaortega.com\/?page_id=2895\">\n\t\t\t\t\t\t\t<img decoding=\"async\" width=\"768\" height=\"512\" data-src=\"https:\/\/www.aguedaortega.com\/wp-content\/uploads\/2024\/09\/Alvaro-Parada-55-2024-02-05T22_27_21.301-en-tamano-grande.jpeg\" class=\"attachment-medium_large size-medium_large wp-image-2923 lazyload\" alt=\"\" src=\"data:image\/svg+xml;base64,PHN2ZyB3aWR0aD0iMSIgaGVpZ2h0PSIxIiB4bWxucz0iaHR0cDovL3d3dy53My5vcmcvMjAwMC9zdmciPjwvc3ZnPg==\" style=\"--smush-placeholder-width: 768px; --smush-placeholder-aspect-ratio: 768\/512;\" \/>\t\t\t\t\t\t\t\t<\/a>\n\t\t\t\t\t\t\t\t\t\t\t<figcaption class=\"widget-image-caption wp-caption-text\">Foto por \u00c1lvaro Parada. Performance \"MUDA. Sobre la llama(da) del amor y otras cuestiones del \u00e1nima(l)\"<\/figcaption>\n\t\t\t\t\t\t\t\t\t\t<\/figure>\n\t\t\t\t\t\t\t\t\t<\/div>\n\t\t\t\t<\/div>\n\t\t\t\t\t<\/div>\n\t\t<\/div>\n\t\t\t\t\t\t\t<\/div>\n\t\t<\/section>\n\t\t\t\t\t\t\t<\/div>\n\t\t","protected":false},"excerpt":{"rendered":"<p>\u00a0 2026 \u00abLa Amarilla\u00bb. Investigaci\u00f3n performativa ritual para encarnar al subcuerpo. Creada durante la cuarta Mini Residencia Art\u00edsitca en La Casa M\u00f3vil \u00abVac\u00edos Habitados\u00bb, Algodonales, C\u00e1diz. Residencia dirigida por Marina Ojeda. 26 de febrero a 1 de marzo de 2026. 2025 \u00abNara-Yama\u00bb.\u00a0Muestra en proceso de creaci\u00f3n. Teatro Ex-l\u00edmite, Madrid. Ciclo La velada Ex-c\u00e9nica de A [&hellip;]<\/p>\n","protected":false},"author":3,"featured_media":0,"parent":0,"menu_order":0,"comment_status":"closed","ping_status":"closed","template":"","meta":{"footnotes":""},"class_list":["post-3101","page","type-page","status-publish","hentry"],"acf":[],"_links":{"self":[{"href":"https:\/\/www.aguedaortega.com\/index.php?rest_route=\/wp\/v2\/pages\/3101","targetHints":{"allow":["GET"]}}],"collection":[{"href":"https:\/\/www.aguedaortega.com\/index.php?rest_route=\/wp\/v2\/pages"}],"about":[{"href":"https:\/\/www.aguedaortega.com\/index.php?rest_route=\/wp\/v2\/types\/page"}],"author":[{"embeddable":true,"href":"https:\/\/www.aguedaortega.com\/index.php?rest_route=\/wp\/v2\/users\/3"}],"replies":[{"embeddable":true,"href":"https:\/\/www.aguedaortega.com\/index.php?rest_route=%2Fwp%2Fv2%2Fcomments&post=3101"}],"version-history":[{"count":122,"href":"https:\/\/www.aguedaortega.com\/index.php?rest_route=\/wp\/v2\/pages\/3101\/revisions"}],"predecessor-version":[{"id":5844,"href":"https:\/\/www.aguedaortega.com\/index.php?rest_route=\/wp\/v2\/pages\/3101\/revisions\/5844"}],"wp:attachment":[{"href":"https:\/\/www.aguedaortega.com\/index.php?rest_route=%2Fwp%2Fv2%2Fmedia&parent=3101"}],"curies":[{"name":"wp","href":"https:\/\/api.w.org\/{rel}","templated":true}]}}